- 1427*g**2 + 7. Let s = 14 - 2. Calculate z(s).
7
Suppose 0 = -8*c + 29 + 3. Let o be 1 + 2 + -7 + 8. Let b(j) = 0 - o*j + 1 - 6 + j**2. Determine b(c).
-5
Let g(f) = -28*f - 5 - 1510*f**2 + 1511*f**2 + 0*f**3 + 2*f**3. Determine g(-4).
-5
Let f(n) = 3*n - 1. Let w(v) = 13*v - 5. Let r(g) = g. Let x(p) = 3*r(p) + w(p). Let j = -39 - -28. Let o(b) = j*f(b) + 2*x(b). What is o(5)?
-4
Let r(z) = 13*z**2 + 3. Suppose 8*p = -6*p + 42. Let b(k) = 10*k**2 - k + 3. Let q(y) = p*r(y) - 4*b(y). Give q(2).
1
Let o = 1295 - 910. Let m = -378 + o. Let s(r) = -2*r + 2. Calculate s(m).
-12
Let n = -1738 + 1732. Let u(o) = -3*o - 20. Determine u(n).
-2
Let j(w) = -20*w**2 - 1161*w - 79. Let d be j(-58). Let u(n) = n**2 + 20*n - 8. Calculate u(d).
13
Suppose 23*r - 144 = -13*r. Let t(d) = 3*d**2 - 13*d - 13. Let h(f) = -f**2 + 4*f + 4. Suppose 23 = 4*v - 5. Let g(c) = v*h(c) + 2*t(c). Determine g(r).
-6
Suppose -14*d - 27 = -41. Let h(s) = -3*s**2 + 3*s - 2. Give h(d).
-2
Let g(v) be the second derivative of v**5/20 + 11*v**4/12 - 4*v**3 + 19*v**2/2 - v + 351. Calculate g(-13).
-7
Suppose 3*d + 5*g - 43 = 0, -3*d + 9 = -4*d + 3*g. Let j(k) = 2 + 0*k - 3*k - k + d*k**2 + 0*k - k**3. Let x be 4/6 + (936/(-27))/(-8). Calculate j(x).
7
Let q(d) = -7*d. Let w be (-15)/30*1/((-4)/64). Determine q(w).
-56
Let f(s) be the second derivative of s**5/20 - s**4/6 - 5*s**3/6 - s**2 - 3225*s. Give f(-1).
0
Suppose -88 = -9*i - 61. Let j(r) = -8*r - r + i - r - 4*r + 15*r. What is j(0)?
3
Let a(f) = 25*f + 2 - f**3 - 2 - 24*f - 13 + 10*f**2. Let h = -1 - -11. Give a(h).
-3
Let r = 30 + -26. Let c(o) = -r*o - 11*o - 35 + 18*o. Let w be c(11). Let i(v) = 2*v**2 + 2*v - 1. Determine i(w).
3
Let t(n) = 3*n**2 + 6*n + 36. Let h(i) = -16*i**2 - 36*i - 170. Let m(y) = -2*h(y) - 11*t(y). Calculate m(5).
-51
Let y(n) = -5*n + 13. Suppose -2*g - b - 11 - 13 = 0, -3*g + 4*b = 25. What is y(g)?
68
Let d(j) = 16*j + 36. Suppose 0 = -516*b + 542*b + 52. Give d(b).
4
Let a(r) = 5*r - 2*r - 5*r - 3. Suppose 0 = -3*x + 9 + 3, 3*v + 15 = 3*x. Let u be a(v). Let n(o) = 12*o**3 - 2*o - 1. Give n(u).
-11
Suppose -g + 2 = -1. Let j(q) = -q + 4. Let m be j(g). Let f(u) = 3*u**2 + 71*u - 70*u - 25*u**2. Give f(m).
-21
Let y(q) = -352*q**3 + 1 + 741*q**3 - 2*q**2 - 369*q**3. Suppose -2*u - a - 45 + 50 = 0, 4*u + a = 7. Give y(u).
19
Let l(f) = -2*f - 2. Let q be (-2)/1 - (-41 + -15). Suppose -24*r + 18 + q = 0. Calculate l(r).
-8
Let h(m) = 4*m**3 + 5*m - 1. Let x(c) = -c**3 + 17*c**2 - 73*c + 10. Let p be x(8). Determine h(p).
41
Let h = -3356 + 3352. Let r(y) = y**2 - 5*y - 29. What is r(h)?
7
Let g = 224 + -183. Let k(s) = 22*s + 18*s - g*s. Suppose 4*w - 18 = w. Calculate k(w).
-6
Let h(c) = -c**2 - 10*c - 6. Let v be h(-9). Let a(f) be the second derivative of f**4/4 - 5*f**3/6 + f**2 - 130*f. What is a(v)?
14
Let z(r) = r - 1. Suppose 8*f = 2*w + 13*f + 317, -5*w + 4*f - 875 = 0. Let b be (-1 - 0)/(w/21 - -8). Calculate z(b).
6
Let g(o) be the second derivative of o**6/360 + o**5/120 - 32*o**4/3 - 2*o + 75. Let z(w) be the third derivative of g(w). What is z(-3)?
-5
Let t = -270 - -269. Let c(g) = g. Let z(s) = s**2 - 8*s + 1. Let f(v) = -3*v**2 + 17*v - 3. Let k(r) = 4*f(r) + 9*z(r). Let h(i) = t*k(i) - c(i). Give h(-2).
9
Let x(c) = -9*c + 73. Let s(j) = -3*j**2 + 8. Let g be s(0). Let v be x(g). Let t(p) = 3*p**3 + p**2 - p + 1. Determine t(v).
4
Let t(h) = 5*h + 83. Suppose -232*f - 5330 + 922 = 0. Give t(f).
-12
Let a(r) = 2*r**2 - 5*r - 10. Let x(j) = j**2 - 13*j + 41. Let l be x(4). Determine a(l).
15
Suppose 0 = 5*v - 20, 4*n - 2*v = -3*v + 240. Let c = n + -56. Let f(m) = 15 - 3*m**2 - 5 - c*m - 8. Determine f(-3).
-16
Let g(z) = -2*z**2 + 3*z + 4. Let f be (-4)/82 + 80/(-41). Give g(f).
-10
Let t(m) be the first derivative of 3*m**2 + 5 - 3*m - 1/2*m**3. Let r(f) be the first derivative of t(f). Give r(4).
-6
Let w be (-6)/10 + 39/15. Suppose 6 = -s - o, -w*s + o - 11 = -2. Let m(q) = -q + 2. Give m(s).
7
Suppose j - 2 = -5*u, -3*u = 24*j - 26*j + 17. Suppose 3*l - 3*o - 21 = 0, 2*o = -2*l + j*o + 14. Let b(k) = k**3 - 6*k**2 - 4*k - 3. What is b(l)?
18
Let c(o) = 201*o - 597*o + 24 + 193*o + 200*o. What is c(0)?
24
Let o = -936 + 939. Let h(m) be the first derivative of 3*m**2 + 18 - 6*m + 1/3*m**o. Calculate h(-5).
-11
Let u(t) be the first derivative of 25*t**4/4 + t**3/3 + 798. What is u(1)?
26
Let m(z) = -5*z + 3. Let u = -24 + 17. Let b(y) = -9*y + 6. Let o(p) = u*m(p) + 4*b(p). Suppose 4*l - 2*w + 1 = -3*w, -4*w - 4 = 4*l. Determine o(l).
3
Suppose 0 = 4*k + t, 0 = -k - 5*t - 1 - 18. Let o(w) = w. Let p(d) = 7*d + 2. Suppose 0 = -2*c - 17 + 9. Let v(m) = c*o(m) + k*p(m). Give v(4).
14
Let d(t) = -t**2 - 6*t - 3. Suppose 52*g - 33 = 41*g. Suppose -x + 2 = 2*k, 4*x + 3*k + 9 = -g. Determine d(x).
-3
Let x(s) = -s**2 - 93*s - 440. Let l be x(-5). Let z(b) be the second derivative of 1/20*b**5 - 1/2*b**2 + l - 25*b + 3/2*b**3 + 5/6*b**4. Determine z(-9).
-1
Let c = -27957 - -27932. Let i(s) = -s**2 - 22*s + 50. Give i(c).
-25
Let d(m) = m**3 - 5*m**2 - 12*m + 32. Suppose 183 + 201 = 64*r. Calculate d(r).
-4
Suppose 0 = -5*v + 5. Let c(n) = 4 + 2*n**3 - n - 7 + 1667*n**2 + 2 - 835*n**2 - 833*n**2 + 2. Determine c(v).
1
Let j(i) = 15*i**3 - 2*i**2 + 2*i - 1. Suppose 810 = p + 809. Suppose -q = -2*y + 3, 5*q - 2*y = -0 + p. Give j(q).
14
Let p(n) = 3141*n - 1 - 1563*n - n**3 - 10*n**2 - 14 - 1567*n. What is p(-11)?
-15
Suppose 48*n - 7856 = -7472. Let y(i) = -i**3 + 7*i**2 + 6*i + 17. What is y(n)?
1
Let c(b) = 161*b + 407. Let v(g) = 465*g + 1226. Let q(a) = -8*c(a) + 3*v(a). Calculate q(-4).
-6
Suppose 8*l = 17 - 1. Suppose 4*r = l*r. Let f(v) be the first derivative of -v**4/4 + v**2/2 + 10*v - 14. What is f(r)?
10
Let i be (6/4)/((360/304)/15). Suppose -3*m + 7 = i. Let p(w) = -2*w - 6. Give p(m).
2
Let l(i) = 0*i - 15*i**2 - i**3 - 2 + 49*i + 4*i - 7*i + 30*i. Calculate l(-19).
-2
Suppose 12*j - 8 = 16. Suppose 4*l = 3*l + j. Suppose -2*h + 13 = y + l*h, 3*y = h. Let c(n) = -30*n**2 - n. Calculate c(y).
-31
Let c be 76/(3 - (-132)/(-18) - -5). Let o(a) = -c*a**2 - 115*a**2 + 343*a**2 - 112*a**2 + 2 + a. Let d = -8 - -5. What is o(d)?
17
Let c(p) = -1267*p**3 - 7*p**2 - 52 + 2527*p**3 - 1265*p**3 - 5*p + 50. What is c(-2)?
20
Suppose -7*y + 22 - 1 = 0. Suppose -y*c + 1 = 16. Let s(n) = n**3 + n**2 - n. Let m(b) = 5*b**3 + b**2 - 8*b - 3. Let w(k) = -m(k) + 6*s(k). Calculate w(c).
-7
Let b(q) = q - 8. Let n(v) = -3*v + 7 - 4 + 3 - 2*v. Let h(y) = -y + 1. Let k(i) = -2*h(i) + n(i). Let j be k(-1). Give b(j).
-1
Let j(u) be the first derivative of -1/3*u**3 - 2*u**2 + 0*u - 39. Give j(-5).
-5
Let r(f) = -3*f + 27. Let m(h) = h - 8. Suppose 0 = -4*g - 8*g - 84. Let z(u) = g*m(u) - 2*r(u). What is z(-3)?
5
Let v(o) = -4*o**2 - 50*o + 73. Suppose -12 = 2*f + 4*j, 5*f + 3*j - 4 + 6 = 0. Let y(i) = i**2 + 11*i - 18. Let u(k) = f*v(k) + 9*y(k). Give u(5).
4
Let o(z) = z**3 + 29056929 - 29056922 - 4*z - 7*z**2 + 0*z**3. Suppose -8 = -5*f - m + 4, 3*m + 3 = -2*f. Let a = 4 + f. What is o(a)?
-21
Let f(q) = -308 - 3*q + 2*q + 299. Let v be f(-8). Let y be 0 + v + 7 + 5 + -4. Let t(m) = -m**2 + 8*m - 1. Calculate t(y).
6
Suppose -3*t + 227 = -5*v, 5*t + v + 2*v = 333. Let b(m) be the first derivative of 55 + 80 - 183 + t - 5*m**2. What is b(-1)?
10
Let g(t) = -6*t**2 - 3*t - 2. Suppose -4*h = 17 - 49. Suppose 0 = h*q - 25*q - 17. Give g(q).
-5
Suppose 7*c = -28 + 147. Let z(t) = -2 - t**2 - t + 4 + c. Let g(h) = 2*h**2 + 2*h - 38. Let a(y) = 6*g(y) + 11*z(y). Determine a(0).
-19
Let v = 243 + 198. Let o(q) = -v*q + q**2 - 4 + 0 + 433*q. Give o(8).
-4
Let y be (7 + 17)/(2*4/(-8)). Let o be (-23 - y)/(0 + 1). Let m(x) = -9*x**2 + 1. Calculate m(o).
-8
Let j(l) be the third derivative of -l**7/840 + l**6/120 + l**5/24 + 7*l**4/24 - 43*l**3/2 + 6*l**2 - 8. Let i(y) be the first derivative of j(y). Give i(5).
-18
Suppose -150*j = 9 - 9. Let w(n) = -n - 58. Give w(j).
-58
Let v(j) be the third derivative of j**6/180 + j**5/120 - j**4/12 - 35*j**3/6 + 25*j**2. Let s(f) be the first derivative of v(f). Determine s(3).
19
Let g(l) = 29*l**2 - 1. Let d(u) = -5*u**2. Let s(c) = 34*d(c) + 6*g(c). Let r be s(3). Let k = -36 + r. Let t(x) = -2*x - 7. Calculate t(k).
5
Let l(v) = -5 + 10 + 3*v + 1 + 1